t d(h) = 24*h - 6. Determine d(6).
138
Let h(r) = r + 4. What is h(-9)?
-5
Let f(i) = i - 6. Give f(13).
7
Let p(f) = -f**3 + 2*f**2 + 20*f - 2. Calculate p(0).
-2
Let b(o) = o**3 + 13*o**2 + 28*o + 2. What is b(-10)?
22
Let n(t) = 6*t**3 - t**2 + 3*t - 4. What is n(2)?
46
Let f(s) = s**3 - 4*s**2 + s - 24. Determine f(5).
6
Let r(z) = z**3 - 7*z**2 + 9*z + 4. Calculate r(5).
-1
Let u(v) = 19*v**2 - 1. Determine u(-1).
18
Let p(b) = b**2 + 8*b - 22. Give p(-12).
26
Let u(i) = -3*i - 57. What is u(-20)?
3
Let f(u) = -u**2 - 17*u - 38. Determine f(-10).
32
Let t(o) = -2*o + 11. Give t(5).
1
Let r(m) = -2*m**2 + 21*m - 7. Calculate r(14).
-105
Let w(a) = 2*a**2 + 94*a - 306. Give w(-50).
-6
Let i(v) = -v**2 + 15*v + 25. What is i(11)?
69
Let p(w) = -w**3 - 7*w**2 + 2*w + 10. What is p(-7)?
-4
Let y(r) = 5*r - 50. Determine y(13).
15
Let u(b) = b**3 - 6*b**2 - 5*b - 7. Calculate u(7).
7
Let q(t) = t**3 - 8*t**2 + 6*t - 5. Calculate q(6).
-41
Let a(p) = p - 6. Determine a(5).
-1
Let x(h) = 5*h - 214. Determine x(43).
1
Let h(k) = 3*k**2 + 27*k + 45. What is h(-7)?
3
Let b(o) = -12*o**3 + o**2 + o + 1. Determine b(-1).
13
Let i(j) = -2*j - 35. Calculate i(-14).
-7
Let b(i) = 57*i**2 - i - 1. Calculate b(1).
55
Let x(i) = 147*i + 3. Give x(-1).
-144
Let h(x) = x**3 - 14*x**2 + 40*x - 5. Determine h(10).
-5
Let s(r) = r**2 + 5*r - 5. What is s(2)?
9
Let q(g) = -56*g + 64. Determine q(1).
8
Let d(w) = -w**3 - 2*w**2 + 2*w - 2. Give d(-3).
1
Let c(w) = -w**3 + 3*w**2 + 7*w - 6. What is c(4)?
6
Let c(q) = q**3 + 19*q**2 - 39*q + 16. Give c(-21).
-47
Let i(b) = -b**2 + 11*b - 10. Determine i(8).
14
Let q(s) = 2*s**2 - 7*s - 23. What is q(5)?
-8
Let t(y) = -y**2 - 6*y - 4. Determine t(-11).
-59
Let g(n) = n**2 + 2*n. Calculate g(-1).
-1
Let q(j) = -30*j - 25. Give q(-2).
35
Let i(k) = -k**3 - k**2 + 4*k. Determine i(-3).
6
Let z(o) = o**3 + 5*o**2 - 5*o + 13. Calculate z(-6).
7
Let x(z) = z**2 + z - 26. Determine x(0).
-26
Let q(x) = 20*x. Determine q(1).
20
Let f(u) = -2*u**2 + 21*u - 11. What is f(10)?
-1
Let l(n) = 6*n**2 - n + 1. What is l(-2)?
27
Let k(i) = i**2 + 22*i - 78. What is k(3)?
-3
Let o(y) = -y**3 + 36. Give o(5).
-89
Let n(j) = 3*j**2 + 15*j - 1. Calculate n(-5).
-1
Let f(v) = -3*v**2 + 6*v + 9. Give f(3).
0
Let a(h) = h**3 - 17*h**2 + 17*h - 12. Determine a(16).
4
Let x(t) = -t**2 - 23*t + 38. Determine x(-25).
-12
Let l(d) = 3*d - 24. What is l(0)?
-24
Let p(h) = h**3 - 2*h**2 + h - 1. Calculate p(0).
-1
Let m(i) = -i**3 - 5*i**2 + 6*i + 6. Calculate m(-6).
6
Let f(c) = -c**2 + 15*c - 10. Calculate f(6).
44
Let w(j) = -j**3 - 3*j**2 - 2*j - 7. What is w(-4)?
17
Let f(o) = -3*o + 3. What is f(2)?
-3
Let m(q) = -4*q**2 + 3*q + 4. What is m(-2)?
-18
Let l(b) = b**3 + 42*b**2 + 3*b + 116. Calculate l(-42).
-10
Let n(z) = -8*z**3 - 2*z - 2. Determine n(-1).
8
Let z(s) = 33*s + 153. Give z(-6).
-45
Let d(a) = -a**3 - 20*a**2 - 21*a - 36. Determine d(-19).
2
Let i(k) = -5*k - 43. Determine i(-10).
7
Let y(r) = -2*r - 25. Give y(-9).
-7
Let r(o) = 2*o**2 - 6*o + 2. Determine r(6).
38
Let o(h) = -h**2 - 15*h - 2. What is o(-15)?
-2
Let a(r) = -3*r - 62. What is a(-16)?
-14
Let w(y) = y**3 - 16*y**2. Calculate w(16).
0
Let q(a) = 13*a + 213. Calculate q(-17).
-8
Let w(b) = -b**3 - 2*b**2 - 2*b + 6. What is w(0)?
6
Let d(h) = h**2 + 7*h + 2. Calculate d(-5).
-8
Let u(b) = -2*b + 3. Give u(-8).
19
Let q(y) = y**3 + 6*y**2 - 5*y + 7. Calculate q(-7).
-7
Let f(d) = -d**3 - d**2 + 3*d - 4. Give f(-3).
5
Let u(l) = 4*l**3 + l**2 - l + 1. Calculate u(1).
5
Let v(g) = g**2 + 2*g - 10. What is v(-4)?
-2
Let w(s) = s**3 + 20*s**2 + s + 21. Calculate w(-20).
1
Let i(s) = -5*s - 8. Determine i(6).
-38
Let i(m) = m**3 - 5*m**2 - 7*m - 6. What is i(6)?
-12
Let n(k) = k**3 - 11*k**2 + 2*k - 12. Calculate n(11).
10
Let m(u) = -11*u - 39. What is m(-6)?
27
Let p(g) = -6*g**3 - 3*g**2 + 2*g + 3. Give p(2).
-53
Let q(k) = -k**3 + 5*k**2 + 4*k - 7. Calculate q(5).
13
Let x(h) = 6*h**3 + h**2 - 2*h + 4. Determine x(-2).
-36
Let s(z) = -8*z + 213. What is s(33)?
-51
Let k(b) = -b**2 - b - 84. Give k(0).
-84
Let s(g) = g**3 + 5*g**2 + 10. What is s(-5)?
10
Let j(q) = 22*q - 150. Determine j(7).
4
Let i(r) = r**3 - 12*r**2 + 3*r + 9. What is i(5)?
-151
Let n(q) = -q**2 + 15*q + 9. Determine n(15).
9
Let m(b) = -b**3 + 9*b**2 - 13*b - 11. What is m(7)?
-4
Let b(d) = d**3 + 7*d**2 - 3*d + 4. Determine b(-6).
58
Let z(i) = 24*i + 3. What is z(-2)?
-45
Let g(m) = -m + 10. Give g(15).
-5
Let p(d) = -d**3 - 10*d**2 + 2*d - 13. Determine p(-10).
-33
Let l(a) = a**3 - 5*a**2 - 3*a + 13. What is l(5)?
-2
Let w(q) = q**3 + q**2 - q - 9. Determine w(0).
-9
Let n(w) = 85*w + 164. Determine n(-2).
-6
Let p(x) = -x**2 - 9*x - 2. Give p(-10).
-12
Let x(p) = -6*p + 2. Give x(5).
-28
Let g(v) = -3*v**2 + 4*v + 3. What is g(-2)?
-17
Let p(k) = -k - 3. Determine p(-3).
0
Let b(k) = 2*k**2 + 7*k + 1. Determine b(-5).
16
Let n(x) = -13*x - 1. Calculate n(2).
-27
Let w(t) = t**2 - 2*t + 7. What is w(0)?
7
Let d(w) = w**3 - 24*w**2 - 11*w - 354. Give d(25).
-4
Let x(o) = -4*o + 47. Calculate x(11).
3
Let l(u) = -3*u - 14. Give l(-2).
-8
Let j(v) = -v**2 + 10*v - 21. What is j(7)?
0
Let r(f) = -f - 1. Calculate r(4).
-5
Let i(l) = -5*l. Give i(1).
-5
Let a(n) = -n**3 - 14*n**2 - 14*n - 5. What is a(-13)?
8
Let g(d) = 44*d - 127. Give g(3).
5
Let g(i) = i**2 - 16*i + 29. What is g(11)?
-26
Let l(p) = -p**3 + 6*p**2 + 18*p - 17. Determine l(8).
-1
Let x(a) = -7*a + 21. Give x(6).
-21
Let r(z) = z**2 + 2*z - 20. Determine r(-7).
15
Let x(f) = f**3 + 19*f**2 - f - 7. Determine x(-19).
12
Let j(u) = u + 2. Calculate j(-2).
0
Let n(v) = v**3 + 9*v**2 + 9*v + 5. Determine n(-8).
-3
Let c(t) = t**2 + 9*t + 45. Calculate c(-9).
45
Let g(u) = u**3 - 11. What is g(0)?
-11
Let w(z) = -z**3 - 15*z**2 + 12*z + 7. Give w(-16).
71
Let q(f) = f**3 - 2*f**2 - 7*f + 12. Give q(4).
16
Let k(r) = -r**3 + 9*r**2 - 17*r - 2. What is k(4)?
10
Let n(i) = -i + 5. What is n(9)?
-4
Let b(l) = 6*l + 24. Calculate b(-4).
0
Let a(p) = 5*p + 67. What is a(-12)?
7
Let u(f) = 2*f**3 - 12*f**2 + 14*f + 6. What is u(4)?
-2
Let q(k) = -k**3 + 16*k**2 - 10*k - 73. What is q(15)?
2
Let c(s) = -3*s + 10. Give c(16).
-38
Let c(x) = -x**2 - 11*x + 7. What is c(3)?
-35
Let d(x) = 12*x**2 - 10*x + 15. Calculate d(3).
93
Let k(m) = 5*m**3 - 3*m + 3. Give k(2).
37
Let u(l) = -l**2 + 9*l - 29. Calculate u(5).
-9
Let c(x) = -3*x - 51. What is c(-19)?
6
Let i(x) = -x**3 + 17*x**2 - 16*x + 4. Determine i(16).
4
Let w(x) = x**3 + 3*x**2 - 16*x + 19. Give w(-6).
7
Let y(x) = 3*x**3 + 136*x**2 + 46*x + 47. Calculate y(-45).
2
Let i(y) = -2*y**2 + 9*y. Determine i(6).
-18
Let f(b) = b - 8. Calculate f(-9).
-17
Let u(p) = 261*p + 2093. Give u(-8).
5
Let r(j) = -j + 1. Give r(2).
-1
Let i(h) = -11*h**2 + 3. What is i(-1)?
-8
Let l(w) = -2*w - 11. What is l(-1)?
-9
Let f(i) = -72*i + 794. Determine f(11).
2
Let s(g) = -11*g - 117. Determine s(-9).
-18
Let w(c) = -4*c**3 - c**2 + 1. Calculate w(1).
-4
Let z(l) = -l**3 - 11*l**2 + 9*l + 115. Determine z(-11).
16
Let m(k) = -2*k**3 - 21*k**2 + 10*k - 11. What is m(-11)?
0
Let f(x) = -x**3 + 11*x**2 - 7*x + 10. What is f(10)?
40
Let p(f) = -11*f + 14. What is p(-8)?
102
Let z(m) = -m**3 - 7*m**2 + 5*m + 1. Determine z(-6).
-65
Let j(c) = -c**3 - 2*c**2 + 2*c + 9. What is j(-5)?
74
Let x(q) = 2*q**3 - 15*q**2 - 6*q - 4. What is x(8)?
12
Let j(c) = -c**2 + c - 3. Calculate j(2).
-5
Let o(k) = -2*k - 47. Determine o(-9).
-29
Let c(d) = d**2 - 13*d. Calculate c(10).
-30
Let y(w) = 9*w**3 - 14*w**2 + 13*w. Calculate y(1).
8
Let r(l) = 8*l - 7. Determine r(5).
33
Let i(x) = -5*x - 48. What is i(10)?
-98
Let j(y) = y**3 - 3*y**2 + y + 2. Calculate j(3).
5
Let j(q) = 7*q + 40. What is j(-8)?
-16
Let d(k) = 3*k**2 - 3*k + 3. Calculate d(2).
9
Let h(o) = o**2 - 12*o + 7. What is h(11)?
-4
Let p(r) = 6*r + 88. Give p(-13).
10
Let p(l) = 3*l**2 - 11*l + 7. Give p(4).
11
Let y(z) = -18*z - 24. Give y(5).
-114
Let o(v) = -2*v**2 + v + 4. Give o(2).
-2
Let d(x) = 6*x**2 + 9*x + 9. Determine d(-1).
6
Let u(r) = r**2 + 12*r + 13. Determine u(-10).
-7
Let z(y) = 2*y - 13. Give z(10).
7
Let s(z) = -2*z + 11. Calculate s(6).
-1
Let i(n) = n**3 + 6*n**2 - 7*n - 43. Determine i(-6).
-1
Let g(p) = -16*p - 2. Give g(6).
-9